{"id":717,"date":"2022-08-02T21:24:34","date_gmt":"2022-08-02T21:24:34","guid":{"rendered":"https:\/\/educacionalhue.cl\/portal\/?page_id=717"},"modified":"2022-08-04T16:02:25","modified_gmt":"2022-08-04T16:02:25","slug":"alhue-da-ejemplo-a-nivel-nacional-al-ser-la-unica-comuna-en-chile-que-entrega-computadores-con-conexion-a-internet-al-100-de-sus-estudiantes-escolares","status":"publish","type":"page","link":"https:\/\/educacionalhue.cl\/portal\/alhue-da-ejemplo-a-nivel-nacional-al-ser-la-unica-comuna-en-chile-que-entrega-computadores-con-conexion-a-internet-al-100-de-sus-estudiantes-escolares\/","title":{"rendered":"Alhu\u00e9 da ejemplo a nivel nacional al ser la \u00fanica comuna en Chile que entrega computadores con conexi\u00f3n a internet al 100% de sus estudiantes escolares"},"content":{"rendered":"\n<p><\/p>\n\n\n\n<figure class=\"wp-block-image size-large\"><img loading=\"lazy\" decoding=\"async\" width=\"1024\" height=\"683\" src=\"https:\/\/educacionalhue.cl\/portal\/wp-content\/uploads\/2022\/08\/DSC_0197-1536x1024-1-1024x683.jpg\" alt=\"\" class=\"wp-image-692\" srcset=\"https:\/\/educacionalhue.cl\/portal\/wp-content\/uploads\/2022\/08\/DSC_0197-1536x1024-1-1024x683.jpg 1024w, https:\/\/educacionalhue.cl\/portal\/wp-content\/uploads\/2022\/08\/DSC_0197-1536x1024-1-300x200.jpg 300w, https:\/\/educacionalhue.cl\/portal\/wp-content\/uploads\/2022\/08\/DSC_0197-1536x1024-1-768x512.jpg 768w, https:\/\/educacionalhue.cl\/portal\/wp-content\/uploads\/2022\/08\/DSC_0197-1536x1024-1-360x240.jpg 360w, https:\/\/educacionalhue.cl\/portal\/wp-content\/uploads\/2022\/08\/DSC_0197-1536x1024-1.jpg 1536w\" sizes=\"auto, (max-width: 1024px) 100vw, 1024px\" \/><\/figure>\n\n\n\n<p>Con ni\u00f1os felices y padres emocionados culmin\u00f3 la entrega de estos equipos a los alumnos de cada uno de los recintos educacionales de la comuna. Este proyecto realizado por el Alcalde Roberto Torres Huerta, Concejo Municipal, adem\u00e1s de equipos profesionales municipales y financiado por el Gobierno Regional, contempl\u00f3 1.340 notebooks para nuestros estudiantes. De la misma forma, se gestion\u00f3 con la Divisi\u00f3n El Teniente de CODELCO el financiamiento de internet para estos recursos computacionales. El Alcalde Roberto Torres Huerta junto al Gobernador Regional Claudio Orrego Larra\u00edn, los concejales Marco Urbano,\u2026<\/p>\n","protected":false},"excerpt":{"rendered":"<p>Con ni\u00f1os felices y padres emocionados culmin\u00f3 la entrega de estos equipos a los alumnos de cada uno de los <a href=\"https:\/\/educacionalhue.cl\/portal\/alhue-da-ejemplo-a-nivel-nacional-al-ser-la-unica-comuna-en-chile-que-entrega-computadores-con-conexion-a-internet-al-100-de-sus-estudiantes-escolares\/\" class=\"read-more\">Leer m\u00e1s&#8230;<\/a><\/p>\n","protected":false},"author":2,"featured_media":744,"parent":0,"menu_order":0,"comment_status":"closed","ping_status":"closed","template":"","meta":{"_joinchat":[],"footnotes":""},"class_list":["post-717","page","type-page","status-publish","has-post-thumbnail","hentry"],"_links":{"self":[{"href":"https:\/\/educacionalhue.cl\/portal\/wp-json\/wp\/v2\/pages\/717","targetHints":{"allow":["GET"]}}],"collection":[{"href":"https:\/\/educacionalhue.cl\/portal\/wp-json\/wp\/v2\/pages"}],"about":[{"href":"https:\/\/educacionalhue.cl\/portal\/wp-json\/wp\/v2\/types\/page"}],"author":[{"embeddable":true,"href":"https:\/\/educacionalhue.cl\/portal\/wp-json\/wp\/v2\/users\/2"}],"replies":[{"embeddable":true,"href":"https:\/\/educacionalhue.cl\/portal\/wp-json\/wp\/v2\/comments?post=717"}],"version-history":[{"count":1,"href":"https:\/\/educacionalhue.cl\/portal\/wp-json\/wp\/v2\/pages\/717\/revisions"}],"predecessor-version":[{"id":718,"href":"https:\/\/educacionalhue.cl\/portal\/wp-json\/wp\/v2\/pages\/717\/revisions\/718"}],"wp:featuredmedia":[{"embeddable":true,"href":"https:\/\/educacionalhue.cl\/portal\/wp-json\/wp\/v2\/media\/744"}],"wp:attachment":[{"href":"https:\/\/educacionalhue.cl\/portal\/wp-json\/wp\/v2\/media?parent=717"}],"curies":[{"name":"wp","href":"https:\/\/api.w.org\/{rel}","templated":true}]}}